{"id":1113,"date":"2017-08-10T16:02:57","date_gmt":"2017-08-10T14:02:57","guid":{"rendered":"http:\/\/coopcrea.it\/wp-new\/?page_id=1113"},"modified":"2026-04-22T13:13:28","modified_gmt":"2026-04-22T11:13:28","slug":"disabilita","status":"publish","type":"page","link":"https:\/\/coopcrea.it\/index.php\/disabilita\/","title":{"rendered":"Disabilit\u00e0"},"content":{"rendered":"<p>La Cooperativa gestisce servizi socio educativo assistenziali alla disabilit\u00e0:<\/p>\n<p><span style=\"color: #000080;\"><strong>CENTRI DIURNI\u00a0<\/strong><\/span><\/p>\n<p><span style=\"color: #0000ff;\"><strong>COMUNITA&#8217; ALLOGGIO PROTETTE\u00a0 <\/strong><\/span><\/p>\n<p><span style=\"color: #3366ff;\"><strong>ASSISTENZA SCOLASTICA SPECIALISTICA<\/strong><\/span><\/p>\n<p>I <span style=\"color: #b3a61d;\"><span style=\"color: #000080;\"><strong>CENTRI DIURNI DISABILI (CDD)<\/strong><\/span>\u00a0<\/span>sono servizi finalizzati al miglioramento del benessere della persona disabile. C.RE.A. attualmente gestisce, in convenzione con l&#8217;AUSL Toscana Nord Ovest, 7 Centri Diurni per Disabili con finalit\u00e0 simili, ma con obiettivi specifici e programmi differenziati in relazione ai bisogni dei cittadini\/utenti e al contesto sociale nel quale i Centri sono inseriti.<\/p>\n<p>Nella zona distretto <strong>Versilia gestisce:<\/strong><\/p>\n<p><strong>CDD Il Capannone &#8211; <a href=\"https:\/\/coopcrea.it\/wp-new\/wp-content\/uploads\/2024\/10\/Carta-Servizio-CDD-Il-Capannone-10.10.2024.pdf\">Carta Servizio CDD Il Capannone 10.10.2024<\/a><\/strong><br \/>\nvia Virgilio, 222\u00a0&#8211; Viareggio (LU)<br \/>\ntel. 0584 384556 &#8211; ilcapannone@coopcrea.it<\/p>\n<p><strong>CDD Cimbilium &#8211; <a href=\"https:\/\/coopcrea.it\/wp-new\/wp-content\/uploads\/2024\/10\/Carta-Servizio-CDD-Cimbilium-10.10.2024.pdf\">Carta Servizio CDD Cimbilium 10.10.2024<\/a><\/strong><br \/>\nvia Fanin, 11- Camaiore (LU)<br \/>\ntel. 0584 983383 &#8211; cimbilium@coopcrea.it<\/p>\n<p><strong>CDD Giocoraggio &#8211; <a href=\"https:\/\/coopcrea.it\/wp-new\/wp-content\/uploads\/2024\/10\/Carta-Servizio-CDD-Giocoraggio-10.10.2024.pdf\">Carta Servizio CDD Giocoraggio 10.10.2024<\/a><\/strong><br \/>\nviale Europa\u00a0&#8211; Viareggio (LU)<br \/>\nTel. 0584 319569 &#8211; giocoraggio@coopcrea.it<br \/>\n<b><\/b><\/p>\n<p><strong>CDD Insieme &#8211; <a href=\"https:\/\/coopcrea.it\/wp-new\/wp-content\/uploads\/2024\/10\/Carta-Servizio-CDD-Insieme-10.10.2024.pdf\">Carta Servizio CDD Insieme 10.10.2024<\/a><\/strong><br \/>\nvia dei Comparini, 6\u00a0&#8211; Viareggio (LU)<br \/>\nTel. 0584 387477 &#8211; insieme.coopcrea@gmail.com<\/p>\n<p><strong>CDD Giuliana Martinelli &#8211; <a href=\"https:\/\/coopcrea.it\/wp-new\/wp-content\/uploads\/2024\/10\/Carta-Servizio-CDD-G.Martinelli-10.10.2024.pdf\">Carta Servizio CDD G.Martinelli 10.10.2024<\/a><\/strong><\/p>\n<p>via della Misericordia 43 &#8211; Stiava Massarosa (LU)<br \/>\nTel. 0584 970183 &#8211; cdstiava.coopcrea@gmail.com<\/p>\n<p><strong>CDD Superabile &#8211; <a href=\"https:\/\/coopcrea.it\/wp-new\/wp-content\/uploads\/2025\/05\/Carta-Servizio-CDD-Superabile-28.04.2025.pdf\">Carta Servizio CDD Superabile 28.04.2025<\/a><\/strong><\/p>\n<p>via S. Agostino 15 &#8211; Pietrasanta (LU)<br \/>\nTel. 0584 793972 &#8211; cdpietrasanta.coopcrea@gmail.com<\/p>\n<p><strong>CDD Arcobaleno &#8211; <a href=\"https:\/\/coopcrea.it\/wp-new\/wp-content\/uploads\/2024\/10\/Carta-Servizio-CDD-Arcobaleno-10.10.2024.pdf\">Carta Servizio CDD Arcobaleno 10.10.2024<\/a><\/strong><\/p>\n<p>via Martiri di S. Anna 35 &#8211; Pontestazzemese &#8211; Stazzema (LU)<br \/>\nTel. 0584 777083 &#8211; cdpontestazzemese.coopcrea@gmail.com<\/p>\n<p><strong><span style=\"color: #993366;\">Destinatari:\u00a0<\/span><\/strong>Il Centro Diurno \u00e8 rivolto a persone con disabilit\u00e0 psico-fisica o plurima riconosciuti in condizione di handicap grave in base alla Legge 104\/92 (art. 3, comma 3). L\u2019et\u00e0 massima per la permanenza nel Centro \u00e8 indicata in 65 anni. E\u2019 ammessa la frequenza oltre i 65 anni, ove possibile, solo nel caso in cui il Piano di assistenza Personalizzato ne individui tempi e obiettivi.<br \/>\n<span style=\"color: #993366;\"><strong>Attivit\u00e0\/servizi offerti:<\/strong> <\/span>Le attivit\u00e0 si dividono principalmente in:<br \/>\n&#8211; attivit\u00e0 interne al Centro riguardanti lo sviluppo e il sostegno alle autonomie personali e l\u2019organizzazione di laboratori di attivit\u00e0 occupazionali ed espressive;<br \/>\n&#8211; attivit\u00e0 esterne al Centro finalizzate a sviluppare competenze sociali e integrazione.<br \/>\nI <strong><span style=\"color: #993366;\">servizi erogati<\/span> <\/strong>nei centri si distinguono principalmente in:<i> <\/i><br \/>\n&#8211; socio &#8211; assistenziali per la cura, l\u2019assistenza alla persona e la somministrazione dei pasti;<br \/>\n&#8211; socio-educativi e di socializzazione;<br \/>\n&#8211; ludico-ricreativi e di integrazione con il territorio;<br \/>\n&#8211; occupazionali con laboratori di attivit\u00e0 manuali ed espressive.<\/p>\n<p>Nella zona distretto della <strong>Valle del Serchio<\/strong>\u00a0la cooperativa ha gestito dal 01.01.2017 al 30.06.2022 i Centri Diurni Il Granaio e il Glicine.<\/p>\n<p><span style=\"color: #0000ff;\"><strong>COMUNITA&#8217; ALLOGGIO PROTETTE (CAP)<\/strong><\/span><\/p>\n<p><strong>ARCACASA DON BEPPE SOCCI &#8211; <a href=\"https:\/\/coopcrea.it\/wp-new\/wp-content\/uploads\/2025\/03\/18.03.2025_Carta-Servizio-CAP-ArcaCasa_agg-2.pdf\">MAR 25_Carta-Servizio-CAP-ArcaCasa<\/a> \u00a0<\/strong><\/p>\n<p>Regolamento Interno &#8211; <a href=\"https:\/\/coopcrea.it\/wp-new\/wp-content\/uploads\/2025\/03\/Regolamento-CAP-Arcacasa-rev-03-del-25.07.2022.pdf\">leggi il Regolamento<\/a><\/p>\n<p>Via Comparini 3\/C &#8211; Viareggio (LU)<br \/>\ntel. e fax 0584 389605 &#8211;\u00a0arcacasa@coopcrea.it<\/p>\n<p>La CAP Arca Casa Don Beppe Socci \u00e8 una struttura nata per rispondere al bisogno di cura e accoglienza di adulti disabili in contesti qualificati e caratterizzati da una forte integrazione con il territorio.<\/p>\n<p>L\u2019impegno dell\u2019<b>Associazione Arca: una casa per l\u2019handicap,<\/b> la progettualit\u00e0 e collaborazione della Cooperativa, nel dicembre 1999, hanno portato alla realizzazione della struttura attraverso una campagna di raccolta fondi che ha trovato una significativa risposta nella comunit\u00e0 locale.\u00a0La struttura, in quanto Casa, si propone di favorire la vita in comune e l\u2019inserimento degli ospiti nel contesto sociale.\u00a0Il servizio \u00e8 gestito dalla cooperativa in convenzione con l&#8217;AUSL Toscana NordOvest &#8211; zona distretto Versilia e con i comuni della Versilia.<\/p>\n<p><strong><span style=\"color: #993366;\">Destinatari<\/span><i>:<\/i><\/strong>\u00a0Il servizio \u00e8 rivolto a\u00a016 adulti disabili<b>\u00a0<\/b>riconosciuti in condizione di handicap in base alla legge 104\/92. I posti sono suddivisi in: 13 posti per non autosufficienti, 2 per autosufficienti. N\u00b0 1 posto \u00e8 riservato all\u2019accoglienza temporanea di adulti disabili che si trovano momentaneamente privi del sostegno familiare<\/p>\n<p><strong>LA NOSTRA CASA<\/strong><b> &#8211; <a href=\"https:\/\/coopcrea.it\/wp-new\/wp-content\/uploads\/2026\/04\/GEN26_Carta-Servizio-CAP-Camaiore_DEF.pdf\">GEN26_Carta Servizio CAP Camaiore_DEF<\/a><\/b><\/p>\n<p>Regolamento Interno &#8211; <a href=\"https:\/\/coopcrea.it\/wp-new\/wp-content\/uploads\/2026\/04\/Regolamento-CAP-La-nostra-Casa-revisione-01.01.2026_def.pdf\">leggi il Regolamento<\/a><\/p>\n<p>Viale Oberdan 28 &#8211; Camaiore (LU) &#8211; c\/o Ex Ospedale San Vincenzo &#8211; 1\u00b0 piano tel. e fax 0584 984776<\/p>\n<p>Struttura nata nel 1997 con 8 posti per rispondere al bisogno di cura e accoglienza di adulti disabili in contesti qualificati e caratterizzati da una forte integrazione con il territorio. E&#8217; stata poi ampliata negli spazi dell&#8217;ex ospedale San Vincenzo e dal 2004 i posti sono stati portati a 18.\u00a0La struttura, in quanto Casa, si propone di favorire la vita in comune e l\u2019inserimento degli ospiti nel contesto sociale. Il servizio \u00e8 gestito dalla cooperativa C.RE.A., capofila di un&#8217;ATI con altre cooperative,\u00a0in convenzione con l&#8217;AUSL Toscana NordOvest &#8211; zona distretto Versilia.<\/p>\n<p><strong><span style=\"color: #993366;\">Destinatari:<\/span><\/strong> Il servizio \u00e8 rivolto a\u00a018 adulti disabili<b>\u00a0<\/b>riconosciuti in condizione di handicap in base alla legge 104\/92. I posti sono suddivisi in 17 posti per non autosufficienti ed 1 posto all\u2019accoglienza temporanea e per ricoveri di sollievo di adulti disabili.<\/p>\n<p><span style=\"color: #3366ff;\"><strong>ASSISTENZA SCOLASTICA SPECIALISTICA<\/strong><\/span><\/p>\n<p>Via Virgilio 222 &#8211; 55049 Viareggio (LU)<br \/>\ntel. 0584 384077 &#8211;\u00a0 assistenzascolastica@coopcrea.it<\/p>\n<p>I servizi di assistenza scolastica vengono svolti in diversi territori e scuole della Provincia di Lucca\u00a0in convenzione con Comuni (Massarosa), istituti scolastici e l&#8217;Azienda USL NordOvest &#8211; zona Distretto Valle del Serchio (Garfagnana, Bagni di Lucca e Coreglia Antelminelli).<\/p>\n<p><strong><span style=\"color: #993366;\">Destinatari\u00a0e\u00a0modalit\u00e0 di ammissione:<\/span><\/strong>\u00a0alunni\/e riconosciuti portatori di handicap in base alla legge 104\/92, segnalati dal singolo plesso scolastico\/Comune\/ASL.<\/p>\n<p><strong><span style=\"color: #993366;\">Attivit\u00e0\/servizi offerti:<\/span><\/strong><i>\u00a0<\/i>Il servizio si realizza\u00a0attraverso\u00a0interventi educativi e assistenziali specialistici\u00a0all&#8217;interno della scuola e prevede: attivit\u00e0 di supporto e promozione alle relazioni interpersonali e di gruppo, attivit\u00e0 manuali ed espressive, attivit\u00e0 di sostegno all\u2019esercizio delle autonomie personali, sostegno alla socializzazione con il territorio.<\/p>\n","protected":false},"excerpt":{"rendered":"<p>La Cooperativa gestisce servizi socio educativo assistenziali alla disabilit\u00e0: CENTRI DIURNI\u00a0 COMUNITA&#8217; ALLOGGIO PROTETTE\u00a0 ASSISTENZA SCOLASTICA SPECIALISTICA I CENTRI DIURNI DISABILI (CDD)\u00a0sono servizi finalizzati al miglioramento del benessere della persona disabile. C.RE.A. attualmente gestisce, in convenzione con l&#8217;AUSL Toscana Nord Ovest, 7 Centri Diurni per Disabili con finalit\u00e0 simili, ma &hellip;<\/p>\n","protected":false},"author":1,"featured_media":0,"parent":0,"menu_order":0,"comment_status":"closed","ping_status":"closed","template":"","meta":{"footnotes":""},"class_list":["post-1113","page","type-page","status-publish","hentry"],"_links":{"self":[{"href":"https:\/\/coopcrea.it\/index.php\/wp-json\/wp\/v2\/pages\/1113","targetHints":{"allow":["GET"]}}],"collection":[{"href":"https:\/\/coopcrea.it\/index.php\/wp-json\/wp\/v2\/pages"}],"about":[{"href":"https:\/\/coopcrea.it\/index.php\/wp-json\/wp\/v2\/types\/page"}],"author":[{"embeddable":true,"href":"https:\/\/coopcrea.it\/index.php\/wp-json\/wp\/v2\/users\/1"}],"replies":[{"embeddable":true,"href":"https:\/\/coopcrea.it\/index.php\/wp-json\/wp\/v2\/comments?post=1113"}],"version-history":[{"count":64,"href":"https:\/\/coopcrea.it\/index.php\/wp-json\/wp\/v2\/pages\/1113\/revisions"}],"predecessor-version":[{"id":7195,"href":"https:\/\/coopcrea.it\/index.php\/wp-json\/wp\/v2\/pages\/1113\/revisions\/7195"}],"wp:attachment":[{"href":"https:\/\/coopcrea.it\/index.php\/wp-json\/wp\/v2\/media?parent=1113"}],"curies":[{"name":"wp","href":"https:\/\/api.w.org\/{rel}","templated":true}]}}