{"id":2850,"date":"2018-08-02T09:34:49","date_gmt":"2018-08-02T07:34:49","guid":{"rendered":"http:\/\/coopcrea.it\/?page_id=2850"},"modified":"2018-08-09T13:02:12","modified_gmt":"2018-08-09T11:02:12","slug":"progetto-past","status":"publish","type":"page","link":"https:\/\/coopcrea.it\/index.php\/progetto-past\/","title":{"rendered":"Progetto PAST"},"content":{"rendered":"<p>La cooperativa \u00e8 inserita nell&#8217;elenco degli operatori economici erogatori di prestazioni, nel territorio versiliese, relative ai buoni servizio previsti dall&#8217;avviso regionale di &#8220;<em>Potenziamento dei servizi di continuit\u00e0 assistenziale &#8211; Buoni servizio per sostegno alla domiciliarit\u00e0<\/em>&#8220;.<\/p>\n<p>C.RE.A \u00e8 inserita per poter svolgere <strong>interventi di supporto e monitoraggio attivit\u00e0 di base di igiene e mobilizzazione, educazione caregiver <\/strong>realizzando<strong>\u00a0<\/strong>pacchetti da 15 accessi domiciliari nell&#8217;arco di 3 settimane con personale OSA e OSS.<\/p>\n<p>I buoni di servizio sono erogati per\u00a0sostenere, nell&#8217;ambito dei percorsi di continuit\u00e0 assistenziale ospedale-territorio, il rientro presso il proprio domicilio di persone anziane (&gt;65 anni), con limitazione temporanea dell&#8217;autonomia o a rischio di non autosufficienza, e\/o di persone disabili in\u00a0 condizione di gravit\u00e0 ai sensi dell\u2019articolo 3, comma 3 della legge 5 febbraio 1992, n. 104 a seguito\u00a0di dimissioni da una struttura ospedaliera o di cure intermedie\/riabilitative.<\/p>\n<p>Per informazioni sul progetto \u00e8 necessario contattare l&#8217;Agenzia di Continuit\u00e0 Ospedale &#8211; Territorio (<strong>ACOT<\/strong>) della zona Versilia ai numeri: <strong>0584\/6059253<\/strong> e <strong>0584\/6059317<\/strong>.<\/p>\n","protected":false},"excerpt":{"rendered":"<p>La cooperativa \u00e8 inserita nell&#8217;elenco degli operatori economici erogatori di prestazioni, nel territorio versiliese, relative ai buoni servizio previsti dall&#8217;avviso regionale di &#8220;Potenziamento dei servizi di continuit\u00e0 assistenziale &#8211; Buoni servizio per sostegno alla domiciliarit\u00e0&#8220;. C.RE.A \u00e8 inserita per poter svolgere interventi di supporto e monitoraggio attivit\u00e0 di base di &hellip;<\/p>\n","protected":false},"author":1,"featured_media":0,"parent":0,"menu_order":0,"comment_status":"closed","ping_status":"closed","template":"","meta":{"footnotes":""},"class_list":["post-2850","page","type-page","status-publish","hentry"],"_links":{"self":[{"href":"https:\/\/coopcrea.it\/index.php\/wp-json\/wp\/v2\/pages\/2850","targetHints":{"allow":["GET"]}}],"collection":[{"href":"https:\/\/coopcrea.it\/index.php\/wp-json\/wp\/v2\/pages"}],"about":[{"href":"https:\/\/coopcrea.it\/index.php\/wp-json\/wp\/v2\/types\/page"}],"author":[{"embeddable":true,"href":"https:\/\/coopcrea.it\/index.php\/wp-json\/wp\/v2\/users\/1"}],"replies":[{"embeddable":true,"href":"https:\/\/coopcrea.it\/index.php\/wp-json\/wp\/v2\/comments?post=2850"}],"version-history":[{"count":7,"href":"https:\/\/coopcrea.it\/index.php\/wp-json\/wp\/v2\/pages\/2850\/revisions"}],"predecessor-version":[{"id":2869,"href":"https:\/\/coopcrea.it\/index.php\/wp-json\/wp\/v2\/pages\/2850\/revisions\/2869"}],"wp:attachment":[{"href":"https:\/\/coopcrea.it\/index.php\/wp-json\/wp\/v2\/media?parent=2850"}],"curies":[{"name":"wp","href":"https:\/\/api.w.org\/{rel}","templated":true}]}}