{"id":3452,"date":"2019-07-26T16:52:21","date_gmt":"2019-07-26T14:52:21","guid":{"rendered":"http:\/\/coopcrea.it\/?page_id=3452"},"modified":"2024-04-19T11:21:09","modified_gmt":"2024-04-19T09:21:09","slug":"3452-2","status":"publish","type":"page","link":"https:\/\/coopcrea.it\/index.php\/3452-2\/","title":{"rendered":"F.A.R.O e F.A.R.O. 2- Fare, Accompagnare, Riattivare, Occupare"},"content":{"rendered":"<p><strong>FARO e FARO 2-\u00a0<\/strong><strong><u>FARE, ACCOMPAGNARE, RIATTIVARE, OCCUPARE\u00a0\u00a0<a href=\"http:\/\/coopcrea.it\/wp-new\/wp-content\/uploads\/2019\/07\/FARO_Logo.jpg\"><img loading=\"lazy\" decoding=\"async\" class=\"wp-image-3457 alignright\" src=\"http:\/\/coopcrea.it\/wp-new\/wp-content\/uploads\/2019\/07\/FARO_Logo.jpg\" alt=\"\" width=\"87\" height=\"136\" srcset=\"https:\/\/coopcrea.it\/wp-new\/wp-content\/uploads\/2019\/07\/FARO_Logo.jpg 236w, https:\/\/coopcrea.it\/wp-new\/wp-content\/uploads\/2019\/07\/FARO_Logo-191x300.jpg 191w, https:\/\/coopcrea.it\/wp-new\/wp-content\/uploads\/2019\/07\/FARO_Logo-127x200.jpg 127w\" sizes=\"auto, (max-width: 87px) 100vw, 87px\" \/><\/a><\/u><\/strong><\/p>\n<p><strong style=\"text-indent: 0em;\">Progetto di accompagnamento al lavoro per persone vulnerabili<\/strong><\/p>\n<p>&nbsp;<\/p>\n<p><a title=\"F.A.R.O.\" href=\"https:\/\/www.comune.viareggio.lu.it\/servizi\/funzioni\/download.aspx?ID=2116&amp;IDc=784\">F.A.R.O.<\/a>\u00a0\u00e8 un progetto finanziato dalla Regione Toscana &#8211; Direzione Diritti di Cittadinanza e Coesione Sociale Settore Innovazione Sociale &#8211; sul POR FSE 2014-2020 &#8211; che prevede l&#8217;accompagnamento verso il mondo del lavoro per persone disoccupate e in temporanea condizione di vulnerabilit\u00e0 residenti nei Comuni della Versilia.<\/p>\n<p>Il Progetto &#8220;<strong>F.A.R.O.<\/strong>&#8221; si inserisce nelle azioni di indirizzo nazionali e regionali di contrasto alla povert\u00e0, avendo come finalit\u00e0 il miglioramento dell\u2019occupabilit\u00e0 dei soggetti destinatari, attraverso lo sviluppo di percorsi di sostegno all\u2019inserimento socio lavorativo e l\u2019attivazione delle risorse personali e di contesto.<\/p>\n<p>Il giorno mercoled\u00ec 31 marzo 2021 alle ore 15.30 si \u00e8 tenuto l&#8217;evento finale del progetto in modalit\u00e0 online: in allegato il\u00a0<a title=\"volantino\" href=\"https:\/\/www.comune.viareggio.lu.it\/servizi\/gestionedocumentale\/visualizzadocumento.aspx?ID=10233\" target=\"_self\">volantino<\/a>.<\/p>\n<p>Al seguente link un brevissimo\u00a0<a title=\"video\" href=\"https:\/\/drive.google.com\/file\/d\/1GYmv7bA2cUv2nVqg99Kz79RtaCI1Ufbr\/view\">video<\/a>\u00a0che sintetizza i risultati del progetto e i dati finali.<\/p>\n<p>&nbsp;<\/p>\n<p>L&#8217;intervento \u00e8 stato nuovamente finanziato nel progetto\u00a0<strong>&#8220;F.A.R.O. 2&#8221;<\/strong>, finanziato a valere su Fondo Sviluppo e Coesione \u2013 FSC Avviso pubblico \u00abServizi di accompagnamento al lavoro per persone svantaggiate &#8211; Seconda Edizione\u00bb. Pubblicato dalla Regione Toscana con Decreto D.D. n.2945 del 16-02-2022 e SSMMII. Zona Versilia.<\/p>\n<p><em><strong>FARO 2<\/strong> &#8211; Fare, Accompagnare, Riattivare, Occupare\u201d<\/em>\u00a0vede il Comune di Viareggio con il ruolo di capofila di progetto, in partenariato con Cassiopea &#8211; Societ\u00e0 Cooperativa Sociale; Consorzio Soeco Forma Impresa Sociale &#8211; Societ\u00e0 Cooperativa Sociale; <strong>CREA Societ\u00e0 Cooperativa Sociale<\/strong>; Mestieri Toscana &#8211; Consorzio Di Cooperative Sociali &#8211; Societ\u00e0 Cooperativa Sociale; Odissea Societ\u00e0 Cooperativa Sociale; Per-Corso Agenzia Formativa Srl &#8211; Impresa Sociale; Soc. Coop. A.Fo.Ri.S.Ma. Impresa Sociale; Versilia Format Agenzia Formativa e Zefiro Societ\u00e0 Cooperativa Sociale.<\/p>\n<p>La finalit\u00e0 dell&#8217;intervento \u00e8 quella di migliorare l\u2019occupabilit\u00e0 delle persone svantaggiate attraverso il finanziamento di iniziative locali di inserimento e accompagnamento al lavoro, riservate a soggetti deboli e vulnerabili in carico ai servizi socio-sanitari territoriali, collocandosi nel solco delle iniziative gi\u00e0 avviate con il precedente Avviso Servizi di accompagnamento al lavoro per persone svantaggiate (DD n.18284\/2018) e finanziate con il Fondo Sociale Europeo &#8211; Asse B Inclusione sociale e lotta alla povert\u00e0.<\/p>\n<p>&nbsp;<\/p>\n<p><strong>Destinatari<\/strong><\/p>\n<p>I destinatari delle attivit\u00e0 progettuali sono soggetti disoccupati o inoccupati, in particolare condizione di svantaggio socio-economico e in carico ai servizi sociali territoriali.<\/p>\n<p>All\u2019interno del gruppo target sopra definito, particolare attenzione deve essere dedicata ai seguenti gruppi vulnerabili:<\/p>\n<p>a) minori di et\u00e0 superiore ad anni 16 (sedici), anche minori stranieri non accompagnati;<\/p>\n<p>b) neo-maggiorenni accolti negli \u201cAppartamenti per l&#8217;autonomia per adolescenti e giovani\u201d;<\/p>\n<p>c) richiedenti asilo e titolari di protezione internazionale in carico al sistema di accoglienza di cui all&#8217;art. 8 del Decreto Legislativo 18 agosto 2015, n. 142 cos\u00ec come modificato dal Decreto Legislativo4 ottobre 2018, n. 113;<\/p>\n<p>d) persone vittime di violenza in carico ai servizi di cui alla LR 59\/2007, \u201cNorme contro la violenza di genere\u201d.<\/p>\n<p>e) persone sole con figli a carico;<\/p>\n<p>h) persone inserite in strutture di accoglienza, in programmi di intervento in emergenza alloggiativa o programmi pubblici di affitto sociale concordato;<\/p>\n<p>i) persone inserite nei programmi di assistenza ai sensi dell\u2019Art. 13, Legge, 11 agosto 2003, nr. 228a favore di vittime di tratta;<\/p>\n<p>l) persone inserite nei programmi di intervento e servizi ai sensi della Legge, nr. 154\/2001 \u2013 38\/2009\u2013 119\/2013 a favore di vittime di violenza nelle relazioni familiari e\/o di genere<\/p>\n<p>m) ex detenuti;<\/p>\n<p>n) persone detenute ammesse alle misure di esecuzione penale esterna;<\/p>\n<p>o) giovani post diploma secondario superiore che abbiano avuto un percorso BES (bisogni educativi speciali) durante la carriera scolastica.<\/p>\n<p>I destinatari sono residenti o dimoranti nel territorio della Regione Toscana ai sensi L.R. 41\/2005. Sono esclusi dalle attivit\u00e0 progettuali di cui al presente Avviso i percettori di ADI &#8211; Assegno di inclusione.<\/p>\n<p>&nbsp;<\/p>\n<p><strong>Numero di partecipanti<\/strong><\/p>\n<p>\u00c8 previsto l\u2019accesso con presa in carico al progetto per almeno 130\u00a0persone;<\/p>\n<p>E\u2019 prevista l\u2019attivazione di un Progetto Personalizzato per tutte le 130 persone inserite nel progetto.<\/p>\n<p>E\u2019 prevista l\u2019attivazione di un tirocinio per 56 persone.<\/p>\n<p>&nbsp;<\/p>\n<p>Il progetto, inoltre, prevede le seguenti azioni rivolte ai destinatari:<\/p>\n<p><strong>Valutazione multidimensionale.\u00a0<\/strong>Le attivit\u00e0 di valutazione sono effettuate mediante la valutazione socio-professionale con lo scopo di analizzare competenze, potenzialit\u00e0 e bisogni del soggetto.<\/p>\n<p><strong>Progettazione Individualizzata.\u00a0<\/strong>Attivit\u00e0 finalizzata a individuare le attivit\u00e0 specifiche rivolte a ciascun partecipante, con riferimento in particolare alla formazione obbligatoria, all\u2019orientamento e all\u2019eventuale inserimento in tirocinio (con le relative modalit\u00e0 di accompagnamento).<\/p>\n<p><strong>Orientamento.\u00a0<\/strong>Sono previsti percorsi di orientamento dei partecipanti al fine di accompagnarli durante le fasi di attuazione del progetto.<\/p>\n<p><strong>Formazione<\/strong>.\u00a0E\u2019 prevista l\u2019attivazione dei seguenti percorsi di formazione svolti in pi\u00f9 edizioni sul territorio:<\/p>\n<p>&#8211; Salute e sicurezza nei luoghi di lavoro, modulo base e specifico rischio basso, durata 8h.<\/p>\n<p>&#8211; Formazione obbligatoria per Addetti ad attivit\u00e0 alimentari complesse (HACCP), durata 12 h.<\/p>\n<p><strong>Tirocinio di inclusione<\/strong> (Delibera n. 620 del 18\/05\/2020).\u00a0I tirocini previsti dal progetto hanno una durata di 680 ore a persona e si svolgeranno in aziende del territorio.<\/p>\n<p>&nbsp;<\/p>\n<p><strong>Durata del progetto<\/strong><\/p>\n<p>15 Giugno 2023 \u2013 14 Giugno 2025<\/p>\n<p>&nbsp;<\/p>\n<p><a title=\"Volantino\" href=\"https:\/\/www.comune.viareggio.lu.it\/servizi\/gestionedocumentale\/visualizzadocumento.aspx?ID=16198\">Volantino<\/a>\u00a0del progetto.<\/p>\n<p>&nbsp;<\/p>\n<p>&nbsp;<\/p>\n<p><em style=\"text-indent: 0em;\"><a href=\"http:\/\/coopcrea.it\/wp-new\/wp-content\/uploads\/2019\/07\/loghi.png\"><img loading=\"lazy\" decoding=\"async\" class=\"alignnone size-full wp-image-3459\" src=\"http:\/\/coopcrea.it\/wp-new\/wp-content\/uploads\/2019\/07\/loghi.png\" alt=\"\" width=\"1723\" height=\"177\" srcset=\"https:\/\/coopcrea.it\/wp-new\/wp-content\/uploads\/2019\/07\/loghi.png 1723w, https:\/\/coopcrea.it\/wp-new\/wp-content\/uploads\/2019\/07\/loghi-300x31.png 300w, https:\/\/coopcrea.it\/wp-new\/wp-content\/uploads\/2019\/07\/loghi-768x79.png 768w, https:\/\/coopcrea.it\/wp-new\/wp-content\/uploads\/2019\/07\/loghi-1024x105.png 1024w, https:\/\/coopcrea.it\/wp-new\/wp-content\/uploads\/2019\/07\/loghi-766x79.png 766w\" sizes=\"auto, (max-width: 1723px) 100vw, 1723px\" \/><\/a><\/em><\/p>\n","protected":false},"excerpt":{"rendered":"<p>FARO e FARO 2-\u00a0FARE, ACCOMPAGNARE, RIATTIVARE, OCCUPARE\u00a0\u00a0 Progetto di accompagnamento al lavoro per persone vulnerabili &nbsp; F.A.R.O.\u00a0\u00e8 un progetto finanziato dalla Regione Toscana &#8211; Direzione Diritti di Cittadinanza e Coesione Sociale Settore Innovazione Sociale &#8211; sul POR FSE 2014-2020 &#8211; che prevede l&#8217;accompagnamento verso il mondo del lavoro per persone &hellip;<\/p>\n","protected":false},"author":1,"featured_media":0,"parent":0,"menu_order":0,"comment_status":"closed","ping_status":"closed","template":"","meta":{"footnotes":""},"class_list":["post-3452","page","type-page","status-publish","hentry"],"_links":{"self":[{"href":"https:\/\/coopcrea.it\/index.php\/wp-json\/wp\/v2\/pages\/3452","targetHints":{"allow":["GET"]}}],"collection":[{"href":"https:\/\/coopcrea.it\/index.php\/wp-json\/wp\/v2\/pages"}],"about":[{"href":"https:\/\/coopcrea.it\/index.php\/wp-json\/wp\/v2\/types\/page"}],"author":[{"embeddable":true,"href":"https:\/\/coopcrea.it\/index.php\/wp-json\/wp\/v2\/users\/1"}],"replies":[{"embeddable":true,"href":"https:\/\/coopcrea.it\/index.php\/wp-json\/wp\/v2\/comments?post=3452"}],"version-history":[{"count":10,"href":"https:\/\/coopcrea.it\/index.php\/wp-json\/wp\/v2\/pages\/3452\/revisions"}],"predecessor-version":[{"id":6299,"href":"https:\/\/coopcrea.it\/index.php\/wp-json\/wp\/v2\/pages\/3452\/revisions\/6299"}],"wp:attachment":[{"href":"https:\/\/coopcrea.it\/index.php\/wp-json\/wp\/v2\/media?parent=3452"}],"curies":[{"name":"wp","href":"https:\/\/api.w.org\/{rel}","templated":true}]}}